{"id":911,"date":"2024-03-26T13:04:24","date_gmt":"2024-03-26T12:04:24","guid":{"rendered":"https:\/\/reitverein-tellingstedt.de\/?page_id=911"},"modified":"2025-07-03T22:47:59","modified_gmt":"2025-07-03T20:47:59","slug":"neuigkeiten","status":"publish","type":"page","link":"https:\/\/reitverein-tellingstedt.de\/index.php\/neuigkeiten\/","title":{"rendered":"Neuigkeiten"},"content":{"rendered":"\t\t<div data-elementor-type=\"wp-post\" data-elementor-id=\"911\" class=\"elementor elementor-911\" data-elementor-post-type=\"page\">\n\t\t\t\t\t\t<section class=\"elementor-section elementor-top-section elementor-element elementor-element-3f22b9e elementor-section-boxed elementor-section-height-default elementor-section-height-default\" data-id=\"3f22b9e\" data-element_type=\"section\" data-e-type=\"section\">\n\t\t\t\t\t\t<div class=\"elementor-container elementor-column-gap-default\">\n\t\t\t\t\t<div class=\"elementor-column elementor-col-100 elementor-top-column elementor-element elementor-element-c5d1b4f\" data-id=\"c5d1b4f\" data-element_type=\"column\" data-e-type=\"column\">\n\t\t\t<div class=\"elementor-widget-wrap elementor-element-populated\">\n\t\t\t\t\t\t<div class=\"elementor-element elementor-element-fe06c7c elementor-widget elementor-widget-spacer\" data-id=\"fe06c7c\" data-element_type=\"widget\" data-e-type=\"widget\" data-widget_type=\"spacer.default\">\n\t\t\t\t<div class=\"elementor-widget-container\">\n\t\t\t\t\t\t\t<div class=\"elementor-spacer\">\n\t\t\t<div class=\"elementor-spacer-inner\"><\/div>\n\t\t<\/div>\n\t\t\t\t\t\t<\/div>\n\t\t\t\t<\/div>\n\t\t\t\t\t<\/div>\n\t\t<\/div>\n\t\t\t\t\t<\/div>\n\t\t<\/section>\n\t\t\t\t<section class=\"elementor-section elementor-top-section elementor-element elementor-element-f323d59 elementor-section-boxed elementor-section-height-default elementor-section-height-default\" data-id=\"f323d59\" data-element_type=\"section\" data-e-type=\"section\">\n\t\t\t\t\t\t<div class=\"elementor-container elementor-column-gap-default\">\n\t\t\t\t\t<div class=\"elementor-column elementor-col-33 elementor-top-column elementor-element elementor-element-9d9fe44\" data-id=\"9d9fe44\" data-element_type=\"column\" data-e-type=\"column\">\n\t\t\t<div class=\"elementor-widget-wrap elementor-element-populated\">\n\t\t\t\t\t\t<div class=\"elementor-element elementor-element-eee9657 elementor-invisible elementor-widget elementor-widget-heading\" data-id=\"eee9657\" data-element_type=\"widget\" data-e-type=\"widget\" data-settings=\"{&quot;_animation&quot;:&quot;fadeInLeft&quot;}\" data-widget_type=\"heading.default\">\n\t\t\t\t<div class=\"elementor-widget-container\">\n\t\t\t\t\t<h2 class=\"elementor-heading-title elementor-size-default\">Achtung Turniersperrung des Gel\u00e4ndeparks vom <br>21.7- 27.7.25 !<\/h2>\t\t\t\t<\/div>\n\t\t\t\t<\/div>\n\t\t\t\t<div class=\"elementor-element elementor-element-c12d4f9 elementor-widget elementor-widget-text-editor\" data-id=\"c12d4f9\" data-element_type=\"widget\" data-e-type=\"widget\" data-widget_type=\"text-editor.default\">\n\t\t\t\t<div class=\"elementor-widget-container\">\n\t\t\t\t\t\t\t\t\t<p>Am 26. &amp; 27.7. findet unser gro\u00dfes Turnier statt.<\/p><p>\u00a0<\/p><p>Hierf\u00fcr ben\u00f6tigen wir wieder viele flei\u00dfige Helfer. Wer Lust und Zeit hat hierzu hat, meldet sich gerne bei Caro per WhatsApp unter 01781480724.<\/p><p>Wir wollen ab Montagabend beginnen die Turnierpl\u00e4tze vorzubereiten. Auch hierf\u00fcr freuen wir uns \u00fcber tatkr\u00e4ftige Unterst\u00fctzung!<\/p><p>\u00a0<\/p>\t\t\t\t\t\t\t\t<\/div>\n\t\t\t\t<\/div>\n\t\t\t\t\t<\/div>\n\t\t<\/div>\n\t\t\t\t<div class=\"elementor-column elementor-col-66 elementor-top-column elementor-element elementor-element-fc43cb6\" data-id=\"fc43cb6\" data-element_type=\"column\" data-e-type=\"column\">\n\t\t\t<div class=\"elementor-widget-wrap elementor-element-populated\">\n\t\t\t\t\t\t<div class=\"elementor-element elementor-element-da77891 elementor-widget elementor-widget-image\" data-id=\"da77891\" data-element_type=\"widget\" data-e-type=\"widget\" data-settings=\"{&quot;ep_notation_active&quot;:&quot;yes&quot;,&quot;ep_notation_list&quot;:[{&quot;_id&quot;:&quot;e442f75&quot;,&quot;ep_notation_type&quot;:&quot;crossed-off&quot;,&quot;ep_notation_bracket_on&quot;:null,&quot;ep_notation_select_type&quot;:&quot;widget&quot;,&quot;ep_notation_custom_selector&quot;:null,&quot;ep_notation_color&quot;:&quot;&quot;,&quot;ep_notation_anim_duration&quot;:{&quot;unit&quot;:&quot;px&quot;,&quot;size&quot;:800,&quot;sizes&quot;:[]},&quot;ep_notation_stroke_width&quot;:{&quot;unit&quot;:&quot;px&quot;,&quot;size&quot;:1,&quot;sizes&quot;:[]},&quot;ep_notation_waypoint_offset&quot;:&quot;&quot;}]}\" data-widget_type=\"image.default\">\n\t\t\t\t<div class=\"elementor-widget-container\">\n\t\t\t\t\t\t\t\t\t\t\t\t\t\t\t<img fetchpriority=\"high\" decoding=\"async\" width=\"723\" height=\"1024\" src=\"https:\/\/reitverein-tellingstedt.de\/wp-content\/uploads\/2025\/07\/453ac7f8-b357-4868-8ccc-fdab8d035c50-723x1024.jpeg\" class=\"attachment-large size-large wp-image-1651\" alt=\"\" srcset=\"https:\/\/reitverein-tellingstedt.de\/wp-content\/uploads\/2025\/07\/453ac7f8-b357-4868-8ccc-fdab8d035c50-723x1024.jpeg 723w, https:\/\/reitverein-tellingstedt.de\/wp-content\/uploads\/2025\/07\/453ac7f8-b357-4868-8ccc-fdab8d035c50-212x300.jpeg 212w, https:\/\/reitverein-tellingstedt.de\/wp-content\/uploads\/2025\/07\/453ac7f8-b357-4868-8ccc-fdab8d035c50-768x1087.jpeg 768w, https:\/\/reitverein-tellingstedt.de\/wp-content\/uploads\/2025\/07\/453ac7f8-b357-4868-8ccc-fdab8d035c50-600x849.jpeg 600w, https:\/\/reitverein-tellingstedt.de\/wp-content\/uploads\/2025\/07\/453ac7f8-b357-4868-8ccc-fdab8d035c50.jpeg 991w\" sizes=\"(max-width: 723px) 100vw, 723px\" \/>\t\t\t\t\t\t\t\t\t\t\t\t\t\t\t<\/div>\n\t\t\t\t<\/div>\n\t\t\t\t\t<\/div>\n\t\t<\/div>\n\t\t\t\t\t<\/div>\n\t\t<\/section>\n\t\t\t\t<section class=\"elementor-section elementor-top-section elementor-element elementor-element-5146bc4 elementor-section-boxed elementor-section-height-default elementor-section-height-default\" data-id=\"5146bc4\" data-element_type=\"section\" data-e-type=\"section\">\n\t\t\t\t\t\t<div class=\"elementor-container elementor-column-gap-default\">\n\t\t\t\t\t<div class=\"elementor-column elementor-col-100 elementor-top-column elementor-element elementor-element-e510d90\" data-id=\"e510d90\" data-element_type=\"column\" data-e-type=\"column\">\n\t\t\t<div class=\"elementor-widget-wrap elementor-element-populated\">\n\t\t\t\t\t\t<div class=\"elementor-element elementor-element-9613c0c elementor-widget elementor-widget-spacer\" data-id=\"9613c0c\" data-element_type=\"widget\" data-e-type=\"widget\" data-widget_type=\"spacer.default\">\n\t\t\t\t<div class=\"elementor-widget-container\">\n\t\t\t\t\t\t\t<div class=\"elementor-spacer\">\n\t\t\t<div class=\"elementor-spacer-inner\"><\/div>\n\t\t<\/div>\n\t\t\t\t\t\t<\/div>\n\t\t\t\t<\/div>\n\t\t\t\t\t<\/div>\n\t\t<\/div>\n\t\t\t\t\t<\/div>\n\t\t<\/section>\n\t\t\t\t<\/div>\n\t\t","protected":false},"excerpt":{"rendered":"<p>Achtung Turniersperrung des Gel\u00e4ndeparks vom 21.7- 27.7.25 ! Am 26. &amp; 27.7. findet unser gro\u00dfes Turnier statt. \u00a0 Hierf\u00fcr ben\u00f6tigen wir wieder viele flei\u00dfige Helfer. Wer Lust und Zeit hat hierzu hat, meldet sich gerne bei Caro per WhatsApp unter 01781480724. Wir wollen ab Montagabend beginnen die Turnierpl\u00e4tze vorzubereiten. Auch hierf\u00fcr freuen wir uns \u00fcber [&hellip;]<\/p>\n","protected":false},"author":2,"featured_media":0,"parent":0,"menu_order":0,"comment_status":"closed","ping_status":"closed","template":"","meta":{"footnotes":""},"class_list":["post-911","page","type-page","status-publish","hentry"],"_links":{"self":[{"href":"https:\/\/reitverein-tellingstedt.de\/index.php\/wp-json\/wp\/v2\/pages\/911","targetHints":{"allow":["GET"]}}],"collection":[{"href":"https:\/\/reitverein-tellingstedt.de\/index.php\/wp-json\/wp\/v2\/pages"}],"about":[{"href":"https:\/\/reitverein-tellingstedt.de\/index.php\/wp-json\/wp\/v2\/types\/page"}],"author":[{"embeddable":true,"href":"https:\/\/reitverein-tellingstedt.de\/index.php\/wp-json\/wp\/v2\/users\/2"}],"replies":[{"embeddable":true,"href":"https:\/\/reitverein-tellingstedt.de\/index.php\/wp-json\/wp\/v2\/comments?post=911"}],"version-history":[{"count":19,"href":"https:\/\/reitverein-tellingstedt.de\/index.php\/wp-json\/wp\/v2\/pages\/911\/revisions"}],"predecessor-version":[{"id":1657,"href":"https:\/\/reitverein-tellingstedt.de\/index.php\/wp-json\/wp\/v2\/pages\/911\/revisions\/1657"}],"wp:attachment":[{"href":"https:\/\/reitverein-tellingstedt.de\/index.php\/wp-json\/wp\/v2\/media?parent=911"}],"curies":[{"name":"wp","href":"https:\/\/api.w.org\/{rel}","templated":true}]}}